-3*p**2 + p - 21. Calculate k(o).
7
Let p(s) = 3*s**2 + 32*s. Let c(b) = 2*b**2 + 4*b + 1. Let m(r) = -3*c(r) - p(r). Determine m(-5).
-8
Let r be (-10)/(-4)*74/(-37). Let x(t) = -9*t**2 - 18*t - 9. Let u(o) = 22*o**2 + 37*o + 17. Let a(q) = r*x(q) - 2*u(q). Calculate a(-15).
-4
Let s(n) = n**2 + 2*n. Suppose -3*y = 37 + 11. Let a = y + 19. Suppose -4*o - 4*z = -16, -3 = -a*o + z + 1. Calculate s(o).
8
Let s(r) = 3*r + 4. Let p(q) = 5*q + 7. Let b(y) = -4*p(y) + 7*s(y). Let x be b(3). Let n(v) = -1 - x - 4*v + 8. Determine n(3).
-8
Let g = 172 - 180. Let o be g*(0 - 6/(-12)). Let d(w) = -5*w**2 + 15*w + 4. Let j(h) = -2*h**2 + 5*h + 1. Let l(n) = -4*d(n) + 11*j(n). Determine l(o).
-17
Suppose 47*v + 268 = 114*v. Let o(f) be the third derivative of f**4/24 + f**3/6 - f**2. Determine o(v).
5
Suppose m = -m - 2*z + 14, 2 = m - 4*z. Let h(s) = 26*s - 11. Let p(k) = 10*k - 4. Let l(o) = 3*h(o) - 8*p(o). Calculate l(m).
-13
Let d(r) = -4*r + 21. Let h = -5398 - -5403. Give d(h).
1
Let m(p) = 3*p**3 + 12*p**2 + p + 23. Let f(s) = -5*s**3 - 17*s**2 - 2*s - 35. Let t(d) = 5*f(d) + 8*m(d). Give t(10).
89
Let n(h) = -2 + 16 - 7 - 9 - 3*h. Let c(z) = 8*z + 7. Let k(g) = -4*c(g) - 11*n(g). Determine k(6).
0
Let l(d) = -34*d**3 + 76*d**2 + 38*d**3 - 78*d**2. Give l(-2).
-40
Let j(y) = -y**2 + y + 13. Let m(f) be the second derivative of f**3/6 + 2*f**2 + 19*f. Let l be m(3). Let v be (-9)/63 + 1/l. Calculate j(v).
13
Let w(y) = -y**3 - 13*y**2 - 5*y - 30. Let z be w(-13). Suppose 0*o + z = 7*o. Let q(i) = -4*i + 3 - 2*i + o*i. Determine q(6).
-3
Let z = -74 + 116. Let h = 35 - z. Let o = h - -11. Let r(m) = m**3 - 4*m**2 + 3*m - 6. Give r(o).
6
Let s(n) = 3 + 7*n - 3 + 11. Let c be s(-1). Let h(f) = 2*f + 4. Let b(x) = 1. Let g(i) = -2*b(i) + h(i). Calculate g(c).
10
Let w(u) = -u**3 - 4*u**2 - 5*u + 2. Let x be (-22)/220*-130 + -16. Determine w(x).
8
Let f(s) = s - 44. Let a = 7020 - 6984. Calculate f(a).
-8
Let h(j) = -627*j - 3759. Let z be h(-6). Let f(u) be the second derivative of 0 + 1/2*u**2 - 3*u - 1/2*u**3. Calculate f(z).
-8
Suppose -5*r - 28 = 7. Let g(v) = -v**2 + 11*v + 2. Let n(o) = -5*o**2 + 46*o + 9. Let t(w) = 9*g(w) - 2*n(w). What is t(r)?
0
Let o(q) = 11*q - 11. Let v(h) = -17*h + 15. Let d(y) = 8*o(y) + 5*v(y). Let s(m) = -14*m + 54. Let t(j) = -9*d(j) - 2*s(j). Determine t(-8).
1
Let w(l) = -l - 5. Suppose 280 = -5*b + 2*p, b + 5 = 3*p - 38. Let q = 47 + b. Determine w(q).
6
Let l(d) = 8*d + 5. Suppose -q - 3*s - 23 = -12, -3*q - 5*s = 21. Determine l(q).
-11
Let o(z) be the third derivative of z**6/60 + z**5/60 - 5*z**4/24 - 2*z**3/3 - 2*z**2 + 8*z + 32. Calculate o(-2).
-6
Let j(x) = 77*x + 2. Suppose -9 = -3*r - 3*m, 0 = 5*r + 115*m - 114*m + 1. What is j(r)?
-75
Let h be -5 - ((6 - 8) + -6). Let m(j) = 2*j - 7. Let t(p) = p - 6. Let i(l) = 2*m(l) - 3*t(l). Calculate i(h).
7
Let i(m) be the first derivative of 78 - 1/2*m**2 - 15*m. Give i(0).
-15
Let o = 600 + -607. Let l be o/(98/21)*14/3. Let q(b) = -b**2 - 6*b + 10. What is q(l)?
3
Let k(m) = m**3 - m**2 + m. Let f = 120 - 60. Suppose f - 50 = 5*q. Calculate k(q).
6
Let x = -82 + 90. Suppose -2*z - 4*h + 6 = 0, -3*z = 2*z + 3*h - x. Let m(r) = -20*r**2 + 2 - 3*r + z + 19*r**2. Give m(-4).
-1
Let x(w) = w**3 + 3*w**2 + 7*w + 5. Let z be (-48)/20*205/123. What is x(z)?
-39
Let b(h) = 2*h + 5. Let o(r) = -r. Let y(j) = b(j) + 3*o(j). Let n = 738 - 594. Suppose -24*w = -48*w + n. Calculate y(w).
-1
Suppose 4*x = -0*x + 5*p + 176, -p = -4. Let y = 61 - x. Let z(c) = -c**3 - 100*c**2 + 4*c - 3 - y*c + 109*c**2. What is z(8)?
-3
Suppose -3*y + 4*j + 16 - 19 = 0, 2*j + 23 = 5*y. Let t(i) = i**3 - 8*i**2 + 14*i - 45. Determine t(y).
4
Let y(s) = -4 + 0*s - s**2 - s - 6*s. Let q be ((-1035)/230*-1*(-28)/(-9))/(-2). Calculate y(q).
-4
Suppose 93*z - 71*z + 2750 = 0. Let n = z + 117. Let w(o) = o**2 + 6*o - 11. Give w(n).
5
Let h(t) be the first derivative of 11*t**3/3 + t + 1. Suppose -18 = 3*o + 3*w, 37 = -222*o + 224*o - 5*w. Give h(o).
12
Let h(q) = 53 - 6*q - 111 + 0*q + 80 + 19*q. Give h(-2).
-4
Let n(b) = 0*b**2 - 3 - 1087*b - b**2 + 1081*b. Suppose -3*x = -4*u - 47, 0 = 2*u + u + 2*x + 48. Let d be u/(-8)*(-9 + 5). What is n(d)?
-10
Let k be 1/3 + (-10)/3. Let g(c) be the second derivative of c**3/2 - 23943*c. Determine g(k).
-9
Let v(d) be the second derivative of -99*d**5/20 - d**4/12 - d**3/6 + d**2 + 85*d - 14. Calculate v(1).
-99
Let n(x) = 6*x**2 + 27*x + 53. Let g(v) = -11*v**2 - 52*v - 97. Let f(a) = -5*g(a) - 9*n(a). Give f(-19).
46
Suppose -14*f = 17*f - 775. Let o = 2 + -1. Let h(y) = -f*y + 0 + 32*y - o. What is h(4)?
27
Let f(b) = 16*b**3 + b**2 + 4*b - 4. Suppose 68*q = 61*q + 7. What is f(q)?
17
Let h(y) be the third derivative of 0 + 52*y**2 + 1/6*y**3 + 1/60*y**5 - 3*y + 1/6*y**4. What is h(3)?
22
Let x(i) = 5*i**2 + 2*i + 8. Let w(d) = -16*d**2 - 5*d - 23. Let s(r) = -4*w(r) - 11*x(r). Let v(j) = -5*j**2 + j - 2. Let t(n) = 6*s(n) + 11*v(n). Give t(3).
-10
Let c(d) = -27*d - 546. Let q be c(-20). Let s(y) = -y**2 - 2*y + 7. What is s(q)?
-17
Let o(t) = 5 - t - 6 - 3. Let f be (15/(-12))/5 + (-7)/4. Calculate o(f).
-2
Let u = 300 + -302. Let w(s) = -s**3 - 4*s**2 - 6*s - 3. Let c be w(u). Let l(t) = -5*t + 1. Determine l(c).
-4
Suppose -98 = 4*v - 114. Let z(a) = a - 2*a + a - 3*a - 3 + v*a. Determine z(-3).
-6
Let w(i) = -353 + 214 + 3*i + 183. Calculate w(-18).
-10
Suppose -4*b = -5*p + 82, -5*p + b + 59 = -p. Let f be (p/35)/(3/15). Suppose 2*a - 5*k = -13, 0 = -5*a - f*k - 13 - 5. Let u(c) = -2*c + 1. Determine u(a).
9
Let v(k) = 5*k**2 - 54*k - 38. Let f(g) = -3*g**2 + 28*g + 18. Let c(t) = 7*f(t) + 4*v(t). Give c(-20).
-26
Let j(w) = 2*w**2 + 19*w - 3. Suppose -1 = -5*n - 56. Let l be j(n). Let k = l - 34. Let d(p) = -p**2 - 4*p + 1. What is d(k)?
1
Let g(b) = -b**2 + 3*b + 3. Let i(k) = -k**2 + k - 3. Let q be i(2). Let m(d) = d**2 - 3*d - 3. Let t(a) = q*m(a) - 4*g(a). Give t(5).
-7
Suppose 99 = -2*z + 13*z. Let r(f) = -3*f**2 + 6*f + 7. Let p(h) = -h**2 - 11. Let d(o) = 2*p(o) - r(o). Determine d(z).
-2
Let k = -106 - -30. Let f = 146 + k. Suppose -67*b + 3 = -f*b. Let h(s) = s + 1. Give h(b).
0
Let k(v) = 6*v**2 - 4*v + 3. Let r be k(5). Let h(m) = -262*m + 125*m + 1 + r*m. Let q be (2/(-3))/((-4)/(-6)). Give h(q).
5
Let x = -3886 + 3879. Let j(u) = 2*u**2 + 4*u - 35. Determine j(x).
35
Let r(v) be the third derivative of v**5/60 + v**4/3 - 31*v**3/6 - 2*v**2 - 64*v. Give r(-11).
2
Suppose -x + 144 = 9. Suppose -136*s = -x*s - 2. Let y(z) = 6*z**2 + 2. Calculate y(s).
26
Let b = 830 + -845. Suppose -61 = -4*t - 5*j, 3*t - 42 = -3*j - 2*j. Let p = t + b. Let i(c) = -c**3 + 4*c**2 + 2*c - 5. Give i(p).
3
Let z(j) be the second derivative of j**3/6 - j**2/2 - 4*j. Suppose -4*v + 257 = 157. Suppose 0 = 2*m + 3*m + v. Calculate z(m).
-6
Let h(q) = -9*q + 239. Let r be (54/6*(-1 - -4))/((-1)/(-1)). Calculate h(r).
-4
Let k(b) = 59*b + 289. Let u be k(-5). Let y be (-6 - 4)*u/(-10). Let a(z) = z**3 + 6*z**2 - z - 9. Determine a(y).
-3
Let j be 2/(-8) - 17/(-4). Let a(r) be the first derivative of -1/4*r**4 + 33 + 4/3*r**3 + r**2 + 4*r. Give a(j).
12
Let z(n) be the first derivative of -56*n**2 + 223*n - 5395. Give z(2).
-1
Suppose -d - 74*p = -78*p + 2, -5*d + 2*p + 8 = 0. Let o(v) be the second derivative of 1/3*v**3 + 2*v - d*v**2 + 0. Determine o(-4).
-12
Suppose -35*l - 1716 = -13*l. Let d be (3/18)/1 - (-91)/l. Let z(j) = 18*j**3 + j**2 + j. Calculate z(d).
-18
Suppose -2*t = 3*z + 6, -3*t - 21 = -6*t + 3*z. Let f(x) = -x**t - 2*x + 77*x**2 - 149*x**2 + 76*x**2 - 1. Give f(3).
2
Let q(j) = j**3 - 3*j**2 - 10*j - 9. Let r = -3731 - -3736. Calculate q(r).
-9
Let b(t) be the first derivative of -3*t**2 + 1. Suppose 4*y = 3*j - 4, -3*y + 5*j + 148 = 162. Calculate b(y).
-12
Let b(a) be the third derivative of a**4/24 + 17*a**3/6 - 2*a**2. Let z(r) = r**3 + 22*r**2 + 39*r - 32. Let c be z(-20). What is b(c)?
5
Let i(f) = -f**2 + 10*f + 79. Let d be 9 + -8 - (-17 + -2 + 5). Let h be i(d). Let w(v) = -v**3 + 4*v**2 + 5*v - 3. Give w(h).
17
Suppose -4*u + 57 = 49. Let i(n) = 0*n + 34 + u*n**2 - 36 + 8*n - 3*n**2. Give i(9).
-11
Let m be -9*(-60)/76 - (-12)/(-114). Let f(p) = -6*p + 1. Let u(g) = -2 + 2*g + 3*g + 2. Let j(x) = -3*f(x) - 4*u(x). What is j(m)?
-17
